{"id":96,"date":"2016-07-12T14:33:34","date_gmt":"2016-07-12T14:33:34","guid":{"rendered":"http:\/\/ds-mt.de\/?page_id=96"},"modified":"2016-10-18T15:05:25","modified_gmt":"2016-10-18T15:05:25","slug":"krankheitsbilder","status":"publish","type":"page","link":"https:\/\/ds-mt.de\/?page_id=96","title":{"rendered":"Krankheitsbilder und Beschwerden"},"content":{"rendered":"<p>Folgende Krankheitsbilder und Beschwerden \u00a0sind mit der Manuellen Therapie zu behandeln oder zu lindern:<\/p>\n<p>Beschwerden:<\/p>\n<ul>\n<li>Blockaden und Bewegungseinschr\u00e4nkungen<\/li>\n<li>Kopf- und Wirbels\u00e4ulenschmerzen<\/li>\n<li>Gelenkschmerzen<\/li>\n<li>Muskel- und Sehnenschmerzen<\/li>\n<li>Kraftlosigkeit\u00a0von H\u00e4nden und F\u00fc\u00dfen<\/li>\n<li>Kribbeln und Ausstrahlungen in\u00a0Armen und Beinen<\/li>\n<li>organische Probleme<\/li>\n<li>Knirschen<\/li>\n<\/ul>\n<p>Krankheitsbilder:<\/p>\n<ul>\n<li>Bandscheibenvorf\u00e4lle<\/li>\n<li>Wirbels\u00e4ulen- Syndrome<\/li>\n<li>Impingment- Syndrome<\/li>\n<li>Frozen Shoulder<\/li>\n<li>Skoliosen<\/li>\n<li>Arthrose<\/li>\n<li>Migr\u00e4ne<\/li>\n<li>Tinnitus<\/li>\n<li>Tennisarm<\/li>\n<li>Sehnenscheidenenz\u00fcndungen<\/li>\n<li>Entz\u00fcndungen und Verspannungen der Muskulatur<\/li>\n<\/ul>\n<p>&nbsp;<\/p>\n","protected":false},"excerpt":{"rendered":"<p>Folgende Krankheitsbilder und Beschwerden \u00a0sind mit der Manuellen Therapie zu behandeln oder zu lindern: Beschwerden: Blockaden und Bewegungseinschr\u00e4nkungen Kopf- und Wirbels\u00e4ulenschmerzen Gelenkschmerzen [&hellip;]<\/p>\n","protected":false},"author":2,"featured_media":0,"parent":0,"menu_order":0,"comment_status":"closed","ping_status":"closed","template":"","meta":{"footnotes":""},"class_list":["post-96","page","type-page","status-publish","hentry"],"_links":{"self":[{"href":"https:\/\/ds-mt.de\/index.php?rest_route=\/wp\/v2\/pages\/96","targetHints":{"allow":["GET"]}}],"collection":[{"href":"https:\/\/ds-mt.de\/index.php?rest_route=\/wp\/v2\/pages"}],"about":[{"href":"https:\/\/ds-mt.de\/index.php?rest_route=\/wp\/v2\/types\/page"}],"author":[{"embeddable":true,"href":"https:\/\/ds-mt.de\/index.php?rest_route=\/wp\/v2\/users\/2"}],"replies":[{"embeddable":true,"href":"https:\/\/ds-mt.de\/index.php?rest_route=%2Fwp%2Fv2%2Fcomments&post=96"}],"version-history":[{"count":5,"href":"https:\/\/ds-mt.de\/index.php?rest_route=\/wp\/v2\/pages\/96\/revisions"}],"predecessor-version":[{"id":171,"href":"https:\/\/ds-mt.de\/index.php?rest_route=\/wp\/v2\/pages\/96\/revisions\/171"}],"wp:attachment":[{"href":"https:\/\/ds-mt.de\/index.php?rest_route=%2Fwp%2Fv2%2Fmedia&parent=96"}],"curies":[{"name":"wp","href":"https:\/\/api.w.org\/{rel}","templated":true}]}}